 2. Let r(d) = 5*d - 13. Let p(z) = -3*f(z) + r(z). Let l(a) = -a + 9. Let w(q) = 9*l(q) + 4*p(q). What is w(12)?
-7
Let j = 2 - -1. Let b = 36 + j. Let v be 1/4 + b/(-12). Let l(z) = z + 1. Calculate l(v).
-2
Let v(w) = -w - 1. Let p(k) be the third derivative of k**4/4 + 14*k**2. Let j(f) = p(f) + 5*v(f). Calculate j(0).
-5
Let w(b) = -5*b - 3. Let y be w(-1). Let v(h) = 0 + 1 - 3 - h - y. Let g be -1 + (-2 - 1)*1. Give v(g).
0
Let v(k) be the first derivative of k**4/4 + 16*k**3/3 - 8*k**2 + 19*k - 764. Calculate v(-17).
2
Let s(g) = g + 6. Suppose 2*x - 8 + 26 = -4*f, -2*x = 5*f + 22. Calculate s(f).
2
Let l be -1*(1/(-3))/(-1)*-57. Suppose 18*t - 5 = l*t. Let z(m) = 2*m**2 - m - 3. Let r(d) = d**2 - 2. Let h(i) = -5*r(i) + 2*z(i). Determine h(t).
-11
Let a be 4 + ((-7)/(-1) - 7). Let s(m) = -m**3 + m**2 - m + 3. Calculate s(a).
-49
Let a(h) = h**3 + 3*h**2 - 4*h. Let p(o) = -o**3 + 5*o**2 + 2*o - 8. Let n be p(5). Let m = -1 - n. Give a(m).
12
Suppose k + 10 + 5 = 0. Let c = -7 - -3. Let v be (k/(-6))/((-5)/c). Let g(n) = -n**3 - 1. Give g(v).
-9
Let z be ((-7)/(-28))/((-2)/8). Let v(a) = 2*a + 7. Let d(q) = -1. Let y(w) = z*v(w) - 4*d(w). Let m(r) = -r - 8. Let f be m(-5). What is y(f)?
3
Let q(j) = -j + 11. Let d be q(9). Suppose -22 = -4*z + 2*b, d*z + 6*b + 4 = 2*b. Suppose 2*s + 4 = 3*p, 4*s - 3*p + 0 - z = 0. Let k(y) = -y + 4. What is k(s)?
0
Let f(c) = c**3 - 20*c**2 - c + 29. Let s be f(20). Let x(h) = h - 7. Determine x(s).
2
Let p(j) be the second derivative of -j**4/12 + j**3/3 - 3*j**2/2 + j. Let n be 13/(39/(-18)) - 0. Let r(q) = q + 9. Let c be r(n). Give p(c).
-6
Let n = -1537 - -1527. Let v(r) = r**2 + 9*r - 15. Calculate v(n).
-5
Let f(j) be the second derivative of -1/24*j**4 + 0 + 2*j - 5/2*j**2 + 5/6*j**3. Let n(z) be the first derivative of f(z). What is n(5)?
0
Let r(z) = -232*z**2 - 9*z + 14. Let i(x) = 139*x**2 + 5*x - 8. Let p(m) = -5*i(m) - 3*r(m). Suppose 0 = 2*k + 6 - 0. Give p(k).
1
Let v = -74 + 33. Let i = v - -42. Let f(t) = -5*t**2 + t - 1. Give f(i).
-5
Let d(w) = -w + 8. Let q be d(5). Let y(o) = 2 - 33*o - q + 34*o. Give y(-5).
-6
Let z(i) = 3*i**3 - i**2 + i + 1. Suppose 0 = -4*l + 12*c - 13*c + 13, 2*c - 14 = -2*l. Determine z(l).
23
Let z(g) = g - 9. Suppose 3 = -3*h, 3*s - 16 = 33*h - 32*h. Determine z(s).
-4
Suppose -3*b + 4 = 10. Let f(c) = 0*c - 3*c - 2*c**3 - c**2 + 3 + 5*c. What is f(b)?
11
Let o(z) = z**2 + 8*z - 7. Let i be o(-9). Suppose -2*x + 5*t - 21 = 0, i = 3*x - 2*t + 6. Let n(b) = 4*b. Give n(x).
8
Let f(r) = -5*r**2 - 21*r - 3. Let i be f(-4). Let a(q) = -3*q**3 + q**2 - q. Calculate a(i).
-3
Suppose 5*m - 15 + 0 = 0. Let a be -4 - (-5 + -4 - -2). Let o(d) = -1 + 4*d**2 + 6 - a + 0*d**2 - d**3 - 2*d. Determine o(m).
5
Let f(a) = -a**2 + 4*a + 6. Let b be f(-5). Let h = b + 43. Let p(u) = u + 0 - 2*u + 5. Calculate p(h).
1
Suppose 4*b - 7 = -4*o + 17, 4*b = o + 4. Let h(a) = -196 - 2*a - 2*a**2 + 200 - 3*a + a**b. What is h(-4)?
8
Let u(c) be the first derivative of 1/3*c**3 + 5 - 1/12*c**4 + 0*c + 5/2*c**2. Let i(h) be the second derivative of u(h). Give i(3).
-4
Let v(y) = 515 + 500 - y - 1006. Determine v(4).
5
Let k(w) = 0 - 1 - 3*w + 0*w + w. Let b = -54 + 49. Determine k(b).
9
Let b = -44 - -57. Let a(p) = -10*p + 22*p - 4 - b*p. Determine a(3).
-7
Let k be 38 - ((-20)/10 + -1 + 5). Let w(r) = -31 - k - 2*r + 76. Let n = -16 - -22. Calculate w(n).
-3
Let c(a) be the first derivative of a**2/2 + 6*a - 112. What is c(3)?
9
Let b(q) = 3*q**3 - 9*q**2 + q - 18. Let u(j) = -4*j**3 + 14*j**2 - j + 27. Let w(p) = -7*b(p) - 5*u(p). What is w(-7)?
5
Let f = -22 + 38. Suppose 3*z + z = f. Suppose -o = -z*o. Let j(l) = l**3 + l**2 + l + 5. Determine j(o).
5
Let r(a) be the second derivative of -a**7/2520 - a**5/15 + 7*a**4/12 + 8*a. Let u(y) be the third derivative of r(y). What is u(0)?
-8
Let a(p) = 6 - 5*p**2 + 172*p + 152*p - p**3 + p**2 - 322*p. Determine a(-5).
21
Let r = 52 + -49. Suppose 3*u - 5 - 4 = 0. Let n(x) = 3 + 2*x + u - 3. What is n(r)?
9
Let n = -128 - -58. Let t = n - -76. Let i(r) = -2*r + 2*r - 5 + r. Determine i(t).
1
Let r be -8 + 1 + (6 - 11). Let d(a) = -a**2 - 11*a + 1. Give d(r).
-11
Let g(n) be the first derivative of -n**4/2 - n**2 + n + 77. What is g(-2)?
21
Let f(k) = 4*k**3 - k**2 + 3*k - 1. Let g be f(1). Let j(w) = w + 2 + w - g - w. What is j(3)?
0
Let x(c) = -6*c + 2 - 12*c**2 - 10*c**2 + 23*c**2. Give x(5).
-3
Let k(u) = u**2 + u + 21. Let x be k(0). Suppose -5*m = 6 - x. Suppose 0 = -4*r + m*r - 2. Let y(s) = -s**3 - 3*s**2 - s - 1. Determine y(r).
-3
Let d(m) be the second derivative of -m**4/12 - m**3/6 - 3*m**2 + 272*m. Calculate d(0).
-6
Let n(o) = 17*o**3 + 11*o**2 - 14*o - 48. Let l(g) = -12*g**3 - 7*g**2 + 10*g + 32. Let s(a) = 7*l(a) + 5*n(a). Give s(-5).
9
Let h(z) = z**2 - 5. Let g be (1170/35)/13 + (-4)/7. Let j(r) be the third derivative of r**5/30 - r**4/12 - r**2. Let n be j(g). What is h(n)?
11
Let p(g) = -7*g - 5. Let w be p(-2). Let b = 3 - w. Let q(n) = -n**3 - 5*n**2 + 4*n + 5. Calculate q(b).
17
Let y(h) be the third derivative of h**9/60480 - h**8/20160 + h**7/5040 - 11*h**5/60 - 8*h**2. Let t(j) be the third derivative of y(j). Determine t(1).
1
Let s be 24/(-4 + 8) + -6. Let m(n) = n**3 - n**2 - n + 4. Determine m(s).
4
Let n(f) = f**3 - f**2 + 9. Let i(b) = -b - 8. Suppose -k = -2*l + 4, -3*k - 16 = -2*k + 4*l. Let c be i(k). Determine n(c).
9
Let o(u) be the third derivative of -1/60*u**5 + 1/4*u**4 + 1 - 8*u**2 + 0*u - 1/6*u**3. Calculate o(6).
-1
Let x(q) = q - 7. Let r(a) = 16. Let w(y) = -2*r(y) - 5*x(y). Determine w(4).
-17
Let x(s) be the first derivative of 9*s**2/2 - 2*s + 9. Determine x(-1).
-11
Let c(b) = -b**3 - 5*b**2 + 6*b - 2. Suppose 0*j + 2*j = 6. Let m be (-10)/(-15) + (-20)/j. Calculate c(m).
-2
Let g(w) = -5*w**3 + 2*w**2 + 2*w + 1. Suppose -16*o - 7 = -9*o. Determine g(o).
6
Let g(t) = t + 6. Let u be g(-5). Let d(n) = -4*n - 1. Let x(o) = o - 1. Let j = 239 + -236. Let v(c) = j*x(c) + u*d(c). Give v(-3).
-1
Let m(h) be the first derivative of h**4/4 - h**3/3 - h**2 - h - 1. Suppose -15 = 15*g - 0. Determine m(g).
-1
Let r(i) = -5*i**2 - 13*i + 2. Let w(m) = -m**2 - m - 1. Let b(h) = r(h) + 6*w(h). Let z(g) = -5*g**2 - 9*g - 2. Let n(p) = 6*b(p) - 13*z(p). Give n(3).
2
Let s be -5 + (-6)/(3 + -6). Let a(b) be the third derivative of 0 - 1/15*b**5 - 1/120*b**6 + 0*b + 0*b**4 + 1/6*b**3 + 3*b**2. What is a(s)?
-8
Let q(y) = 49*y + 1. Let s be 1/(-8) + (189/24)/7. What is q(s)?
50
Let o(m) = -6*m**3 - 2*m**2 - 1. Let q(y) = -5*y**3 - y**2. Let i(t) = 4*o(t) - 5*q(t). Suppose 0 = 5*p - 3*p. Suppose p = 2*b - 3*b + 3. Determine i(b).
-4
Let m = -106 + 179. Let y = -76 + m. Let f(t) = t. Calculate f(y).
-3
Let o(r) be the second derivative of -r**5/20 - r**4/2 - 4*r**3/3 - 5*r**2/2 + 53*r. Calculate o(-3).
-8
Let d = -81 + 83. Let q(b) = -b**2 - 4*b - 3. Let h(y) = 4*y + 3. Let k(a) = d*h(a) + 3*q(a). Calculate k(-2).
-7
Let r(j) = j**3 + 3*j**2 + 7*j + 6. Suppose -2511*i = -2515*i - 16. What is r(i)?
-38
Let t(c) = 3*c + 12. Let q be t(-3). Let s(p) = q*p - 6 + 4 + 3*p - 4*p. What is s(3)?
4
Let z(y) = -y**2 + y + 5. Let h(k) be the first derivative of k**4/4 - 2*k**3 + 7*k**2/2 - 10*k - 34. Let m be h(5). Give z(m).
5
Let n(b) be the first derivative of -b**2 + b + 6. Suppose 0 = -3*a + 4*p + 1, -5*a = -p - 16 + 3. Let z be (-6 - -8) + -1*a. Give n(z).
3
Let b(q) = 7871 - 7874 - 5*q + q + 6*q. Give b(-1).
-5
Let r(w) = -w**3 + 12*w**2 - w + 22. Let o be r(12). Let f(u) = 2*u**2 + 10*u + 6. Let m(j) = 3*j**2 + 20*j + 11. Let l(g) = 5*f(g) - 3*m(g). What is l(o)?
-3
Let j(x) = x**3 - 2*x**2 - 6. Let p be j(3). Let b(v) = -3*v + 1. Let s(g) = 4*g + 6*g - g - 3. Let q(u) = 8*b(u) + 3*s(u). Determine q(p).
8
Let b(l) be the second derivative of -l**6/120 - 3*l**5/20 + l**3/6 + 9*l**2 - l. Let n(d) be the first derivative of b(d). Determine n(-9).
1
Let t(o) be the second derivative of -o**5/20 - 5*o**4/12 + 5*o**3/6 + o**2 - o. Let n(d) = -5*d**2 + 172*d - 74. Let m be n(34). Determine t(m).
8
Let f(m) = -5*m + 4. Let k(u) = u**3 - 10*u**2 + 25*u + 2. Let t be k(5). Give f(t).
-6
Let q(i) = -11*i - i**3 - 1561 - 8*i + 14*i**2 + 1593 + 4*i**2. Give q(17).
-2
Suppose 2*m = 5*c - 21, 0 = 4*c - m + 5*m - 28. Let p(